he prime factors of w.
2, 11, 191
Let p be 4 + (-5)/(-8 + 3). Suppose p*v - 4*h - 50 = 0, -h + 40 = 4*v + 3*h. What are the prime factors of v?
2, 5
Let k be (-6)/39 + 2/13. Suppose 2*x - 256 = 2*c - 7*c, c - 4*x - 38 = k. List the prime factors of (9 + -7)/(4/c).
5
Suppose -9*n + 5348 = -1789. List the prime factors of n.
13, 61
Let y = -12 + 87. Let b = 126 - y. List the prime factors of b.
3, 17
Let h be (-4)/30 + (-188)/(-60). List the prime factors of -21*(-8 - -2 - h).
3, 7
Suppose n - 28 = -0*n. Let z be 2/(-6) + n/12. Suppose -z = 8*o - 9*o. What are the prime factors of o?
2
Let k = 71 - -54. Let n = -50 + k. List the prime factors of n.
3, 5
Let g = -225 - -27. Let n be (-8)/2*g/24. Let p = n + -3. List the prime factors of p.
2, 3, 5
Let q be ((-2)/3)/(1/(-3))*-17. Suppose -2*y + r + 103 = 0, 3*y - 98 = y - 4*r. Let p = q + y. List the prime factors of p.
17
Suppose -73 = -v + 3. Let u be -5 + (5 + -10 - -13). Suppose 0 = u*n + 4*s - 116, 3*n = 5*s - s + v. List the prime factors of n.
2
Suppose 9048 + 850 = 7*f. List the prime factors of f.
2, 7, 101
What are the prime factors of (2 - -2) + (-14)/4*-18?
67
Suppose 5*h - c = 367, 3*h - 2*c + 6 = 222. List the prime factors of h.
2, 37
Suppose -2*g - 10 = 0, -32 = -5*m + 5*g + 8. Suppose 5*t = m*t + 4. Suppose -t*b = -0*b - 52. What are the prime factors of b?
2, 13
Suppose 0 = -5*o + 2*o + 9. Suppose -4*k + 141 = -o. What are the prime factors of k?
2, 3
Let n be 3 + (-3)/(-9) + (-4)/(-6). Suppose p + 4 - 7 = 0. Suppose 4*a - 119 - 103 = p*i, -n*a + i + 218 = 0. List the prime factors of a.
2, 3
Let i be (-21)/(-28) - 5437/(-4). What are the prime factors of i/22 + (-36)/(-198)?
2, 31
Suppose 5*g - 231 = z + 2*g, -5*g + 25 = 0. What are the prime factors of -5 + (-7)/(7/z)?
211
Let z(m) = -2283*m + 11. What are the prime factors of z(-1)?
2, 31, 37
Let f(j) be the second derivative of -3*j**3 - 18*j**2 + 11*j. What are the prime factors of f(-10)?
2, 3
Suppose -77*s - 17184 = -101*s. List the prime factors of s.
2, 179
Let p(o) = 7*o + 44. Let q be p(-6). List the prime factors of q/(-4) - 213/(-6).
5, 7
Suppose 0*k + 4 = k. Let c(l) = 5*l - 5*l + l + 0*l + k. List the prime factors of c(3).
7
Let f be (-2 - -3)/(3/(-12)). What are the prime factors of 4*(f + (-55)/(-4))?
3, 13
Let n be (-5 - -1)/(2/(-4)). Suppose 13*v = n*v + 20. Suppose 84 = -v*d + 7*d - q, 0 = -4*d + 3*q + 117. What are the prime factors of d?
3
Suppose 6*u = 5*u - 378. Let m = u + 548. Suppose m = n + 4*n. What are the prime factors of n?
2, 17
Suppose -4*f + 1211 = -5*q, 5*f = -0*q + 4*q + 967. Let v = -135 - q. What are the prime factors of v?
2, 3
Let v(t) = 6*t + 7. Let k be v(6). Suppose 5*f = 3*j + k - 3, 16 = 2*f - 3*j. What are the prime factors of f?
2
Suppose -4*z - 21 = 3*z. What are the prime factors of (-57)/z + (2 - (2 + -3))?
2, 11
Let y(p) be the second derivative of 1/6*p**3 + 0 + 5*p**2 + 7*p. What are the prime factors of y(-8)?
2
Suppose -c + 4*h = -9, -2*h - 18 = -2*c - 0. Let d = 182 + c. List the prime factors of d.
191
Suppose 3*h + 1281 = -3*w - 0*w, 4*w - 1748 = 4*h. Let b = h - -632. List the prime factors of b.
2, 5
Let b(f) = f**2 + 11*f + 10. List the prime factors of b(-24).
2, 7, 23
Suppose -j = -5*u + 32, 3*j + 3 + 15 = 2*u. Suppose -185 = a - u*a. List the prime factors of a.
37
Let t be 12/(((-36)/(-256))/3). Suppose 0 = 5*c + 4*w - 361, 4*w = 4*c - w - t. List the prime factors of c.
3, 23
Suppose 4*n + 5*g = 223 + 645, 2*g = 2*n - 452. Let o = n - 72. What are the prime factors of o?
2, 3, 5
Suppose -7*u = 5*p - 13600, 2*u + 7*p - 3892 = 4*p. What are the prime factors of u?
2, 5, 97
Suppose 3*m - 12 = 2*m. Let a be (-8)/2 + -6 + 17. Let d = m - a. What are the prime factors of d?
5
Let t be -3 + -2 + 2 + 16. Let a = t - 13. Suppose -5*n - 1 + 141 = a. What are the prime factors of n?
2, 7
Let f be (8/(-12))/((-3)/279). Suppose 3*x + 29 = -4*u, -3*x - x + u - 64 = 0. Let p = x + f. What are the prime factors of p?
47
Let g(r) = 983*r**2 + 10*r - 11. List the prime factors of g(1).
2, 491
Suppose -10534 = -4*z + 3*i, 0 = 86*z - 90*z - 5*i + 10550. What are the prime factors of z?
5, 17, 31
Suppose 4*h - 828 = -3*v - v, -4*h + 3*v + 835 = 0. Let u be (-1)/(h/(-68) + 3). Suppose -62 + u = -a. What are the prime factors of a?
3, 5
Suppose 11 = 4*g + 4*w - 65, 0 = -4*g - 5*w + 77. List the prime factors of 457/5 - g/45.
7, 13
Let j be 5/(5/216) - 30/(-10). Let b = j + -120. What are the prime factors of b?
3, 11
Suppose 0 = -5*u - 47 - 128. Let p = 63 + u. What are the prime factors of p?
2, 7
Suppose -47 + 1634 = 3*u. What are the prime factors of u?
23
Suppose 4*d + 280 = 964. List the prime factors of d.
3, 19
Let j(s) = s - 4. Let b be j(3). Let t be (b - -1) + (2 - 2). Suppose t = -8*f + 7*f + 25. List the prime factors of f.
5
Let j(o) = 2*o**2 + 24. Let i be j(-6). Suppose -5*g + r = -i - 829, 4*r = -20. What are the prime factors of g?
2, 23
Let l(x) be the first derivative of x**3/3 - x**2/2 + 10*x - 14. List the prime factors of l(6).
2, 5
Let m(j) = -j**2 + 9*j - 6. Let h be m(9). Let z be h*3/(36/(-32)). Suppose -3*i = -8 - z. List the prime factors of i.
2
What are the prime factors of 8 - 5 - (-1188)/2?
3, 199
Let f = 280 - 278. Let o be 1 - 2 - (-6 + 2). Suppose -f*s = -3*n - 89, o*n + 7 = 22. List the prime factors of s.
2, 13
Let t(x) = -11*x + 15. Let u be t(-7). Let h = u + -52. What are the prime factors of h?
2, 5
Let x(m) = -m**3 + 8*m**2 - 6*m. Let s(j) = -2*j**2 - 6*j + 8. Let f be s(-6). Let t be ((-21)/f)/(1/8). List the prime factors of x(t).
2, 3
Suppose 0 = t - 6 - 19. Let m = t - -91. List the prime factors of m.
2, 29
Suppose 0 = -14*m + 10*m + 5*u + 2715, -m - 4*u + 705 = 0. What are the prime factors of m?
5, 137
Let x = -3 + -3. Let o = x - -8. Suppose -3*n + 95 = 2*c, 7*c - 4*n = o*c + 295. What are the prime factors of c?
5, 11
Let k = 175 - 40. Suppose 0 = -6*p + 315 + k. What are the prime factors of p?
3, 5
Let i(k) = -70*k - 9. Let s be i(-3). Suppose u - 39 = -3*d, -4*u - 3*d + 0*d + s = 0. What are the prime factors of u?
2, 3
Let d(r) = 2*r**3 - 24*r**2 - 19*r - 2. What are the prime factors of d(17)?
3, 5, 19
List the prime factors of 0 - 0 - (-230218)/59.
2, 1951
Suppose 0 = -5*b - 76*n + 78*n + 9221, 0 = -3*b - 5*n + 5514. What are the prime factors of b?
19, 97
Let t = 92 + -43. Suppose -133 + t = -2*r. List the prime factors of r.
2, 3, 7
Let q(g) = 25*g**2 + 5*g - 10. List the prime factors of q(-4).
2, 5, 37
Let n(j) = -18*j + 6*j + 7*j + 43 + 10*j. What are the prime factors of n(7)?
2, 3, 13
What are the prime factors of (-3)/4 + (-1029456)/(-192)?
3, 1787
Suppose 5*t - 15 - 18 = -4*j, 0 = -5*j - 3*t + 25. Let f be j + 6*(2 + -9). List the prime factors of ((-1)/(-2))/((-4)/f).
5
Let z(o) = o**2 - 7*o - 25. Let g be z(11). Let b = g - -154. List the prime factors of b.
173
Let b(g) = 30*g - 1. Let n be b(1). Suppose r + 5*f - 37 = 0, -4*r = 4*f - 55 - n. Suppose -r*k - 120 = -19*k. What are the prime factors of k?
2, 3, 5
Let j = 14 + -9. What are the prime factors of (j - 4) + -3 + 60?
2, 29
Suppose -15*i = -17*i + 638. List the prime factors of i.
11, 29
Suppose -4*u + 1423 + 942 = t, -t = -5*u + 2963. List the prime factors of u.
2, 37
Let f(o) = -3*o**2 + 3*o**2 - 2*o - o**2 - o**3 - 3. Let r be f(-2). Suppose 2*n - 3*n = r*s - 166, 2*n = 3*s - 97. What are the prime factors of s?
3, 11
Let f(o) = 21*o**3 - 4*o**2 - 7*o + 14. List the prime factors of f(3).
2, 131
Let p = 1 - -2. Suppose 0 = -2*h - k - p, -h - 6 = 5*k. Let d = 4 + h. List the prime factors of d.
3
Suppose 3*i - 2*r - 419 - 279 = 0, -5*r + 478 = 2*i. Suppose 4*b = 2*b + i. List the prime factors of b.
3, 13
Suppose 4*w = -k - 96, 0*k - 2*k = 2*w + 54. Let c = 48 + w. What are the prime factors of c?
5
Let j be (1/2)/((-6)/3228). Let i = j - -419. What are the prime factors of i?
2, 3, 5
Suppose 0 = 40*n - 90304 - 17336. List the prime factors of n.
3, 13, 23
List the prime factors of 1515421/517 - ((-24)/(-11) + -2).
3, 977
Let u = 1033 + -138. List the prime factors of u.
5, 179
Suppose -4*m - 45 = -13*m. What are the prime factors of (46/m)/((-8)/(-80))?
2, 23
Let m(o) = -o**2 + 9*o - 9. Let j be m(7). Suppose j*f = 18 + 262. List the prime factors of f